Let u(v) = 6*v + 4. Calculate u(-1).
-2
Let k(w) = 6*w - 4. Calculate k(-4).
-28
Let p(m) = m**2 - 13*m + 9. What is p(6)?
-33
Let v(i) = i**2 + 21*i + 25. Calculate v(-20).
5
Let r(o) = -o + 3. Give r(15).
-12
Let u(x) = -x**3 - 4*x**2 + 5*x + 1. Give u(-5).
1
Let f(n) = 3*n + 10. Give f(-7).
-11
Let x(z) = z**2 - 7*z - 5. Give x(9).
13
Let q(p) = 2*p + 3. Calculate q(3).
9
Let c(p) = -2*p**2 + 56*p - 107. What is c(26)?
-3
Let n(b) = -b - 15. What is n(-5)?
-10
Let d(r) = -24*r - 11. Give d(-1).
13
Let k(o) = o**3 - 2*o**2 - 4*o + 5. Determine k(4).
21
Let m(s) = -s**3 - 33*s**2 + 32*s - 76. What is m(-34)?
-8
Let q(w) = w**3 + 7*w**2 + 2*w. Calculate q(-6).
24
Let h(q) = -q - 8. What is h(5)?
-13
Let a(k) = k**3 - k + 14. Determine a(0).
14
Let h(o) = -8*o - 14. Give h(-2).
2
Let c(t) = 14*t + 10. Determine c(5).
80
Let t(d) = 2*d + 23. Determine t(-8).
7
Let b(s) = -s**2 - 7*s - 2. Determine b(-8).
-10
Let d(s) = s**3 - 8*s**2 - 4*s - 28. Give d(9).
17
Let q(a) = a**2 - 4*a - 2. Calculate q(3).
-5
Let m(q) = 10*q - 13. Determine m(2).
7
Let i(v) = 10*v**2 - 111*v + 1. What is i(11)?
-10
Let a(d) = -4*d**2 + 5*d + 3. Calculate a(-1).
-6
Let l(m) = m**2 + 14*m + 33. Calculate l(-7).
-16
Let a(y) = 52*y + 311. What is a(-6)?
-1
Let f(v) = -v**2 + 22*v + 13. Calculate f(19).
70
Let x(b) = -17*b**2 + 6*b - 5. Calculate x(1).
-16
Let n(u) = 17*u**2 + 3*u - 4. Give n(2).
70
Let t(c) = c**2 - 10*c - 62. What is t(18)?
82
Let o(x) = 18*x - 96. Calculate o(5).
-6
Let n(f) = -f**2 - 11*f - 5. Give n(-12).
-17
Let c(j) = -j**3 + 14*j**2 + 34. Give c(14).
34
Let q(j) = j**3 + 4*j**2 - 5*j - 17. What is q(-3)?
7
Let w(v) = 2*v**2 - 23*v - 62. What is w(14)?
8
Let c(k) = -2*k - 5. What is c(-8)?
11
Let r(o) = -2*o - 18. Calculate r(-7).
-4
Let b(i) = -12*i + 108. Calculate b(6).
36
Let t(z) = 3*z**2 - 4*z - 2. Give t(4).
30
Let j(n) = 2*n + 9. What is j(-4)?
1
Let p(d) = -d**3 - 12*d**2 + 14*d + 11. Give p(-13).
-2
Let n(z) = 7*z + 2. Calculate n(3).
23
Let o(p) = p**2 - 21*p + 70. Determine o(7).
-28
Let m(r) = 98*r + 398. Give m(-4).
6
Let u(g) = 25*g - 1. Determine u(-1).
-26
Let n(u) = 5*u**3 + u**2 - 4*u - 4. Determine n(-1).
-4
Let t(c) = -6*c**2 + 5*c + 1. Calculate t(2).
-13
Let v(l) = -2*l**2 - 15*l. What is v(-7)?
7
Let d(a) = a**3 - 6*a**2 + 5*a - 6. Give d(5).
-6
Let m(r) = -2*r**2 - 13*r - 27. What is m(-5)?
-12
Let p(q) = -10*q - 195. What is p(-20)?
5
Let b(d) = -d**2 + 11*d + 44. What is b(-3)?
2
Let p(b) = 11*b - 38. Calculate p(5).
17
Let z(l) = 6*l - 2. Give z(-2).
-14
Let s(u) = u**3 + u + 19. Calculate s(0).
19
Let y(m) = m**2 + 7*m + 54. Determine y(-8).
62
Let f(t) = t + 3. Determine f(-2).
1
Let y(m) = -m + 10. Calculate y(7).
3
Let g(j) = -j**2 - 3*j + 1. Calculate g(2).
-9
Let t(c) = 2*c**3 - 5*c**2 + 3*c - 3. Calculate t(3).
15
Let j(d) = -6*d**2 + 8*d + 5. What is j(4)?
-59
Let n(i) = 4*i + 17. Calculate n(-5).
-3
Let r(q) = -q**3 - 4*q**2 + q - 4. Give r(-4).
-8
Let c(a) = -a**3 + 7*a**2 - 8*a + 15. What is c(6)?
3
Let c(d) = 2*d**2 - 33*d + 48. Determine c(15).
3
Let a(w) = w**2 + 27*w - 125. Calculate a(-31).
-1
Let z(d) = 15*d**2 + 79*d + 11. Determine z(-5).
-9
Let m(y) = -10*y**3 + y**2 + 2*y + 1. What is m(-1)?
10
Let a(m) = m - 29. Determine a(35).
6
Let k(t) = -t**3 - 6*t**2 - 8*t - 3. Give k(-3).
-6
Let h(k) = -3*k + 3. Determine h(0).
3
Let u(j) = -2*j**2 - 6*j + 6. Determine u(-5).
-14
Let q(b) = b**3 + 12*b**2 + 14*b - 18. What is q(-12)?
-186
Let n(g) = g - 4. Give n(0).
-4
Let q(y) = -5*y + 35. Give q(7).
0
Let k(v) = -10*v + 1. Give k(-1).
11
Let q(n) = n**3 + 5*n**2 + 6*n + 5. What is q(-3)?
5
Let v(c) = 6*c**2 - 1. What is v(-1)?
5
Let z(y) = y**3 + 6*y**2 + 3*y + 7. What is z(-6)?
-11
Let p(o) = -o**3 + 2*o**2 + 7*o + 7. Calculate p(4).
3
Let s(a) = a**2 + 4*a. Determine s(-5).
5
Let t(y) = 7*y - 3. Give t(1).
4
Let x(d) = d**3 + 8*d**2 - 106*d - 12. Give x(7).
-19
Let m(v) = -v**3 - 14*v**2 - 11*v + 14. Calculate m(-13).
-12
Let r(x) = -x**2 - 9*x - 21. Give r(-7).
-7
Let t(z) = -3*z - 20. Determine t(-11).
13
Let y(m) = -45*m**2 + 5*m + 7. Determine y(-2).
-183
Let b(v) = v**3 - 25*v**2 + 3*v - 80. What is b(25)?
-5
Let c(d) = 19*d + 6. Give c(-4).
-70
Let y(h) = -h**3 + 5*h**2 + 18*h - 16. What is y(7)?
12
Let d(r) = -19*r + 158. Give d(9).
-13
Let k(l) = -3*l**2 - 5*l + 4. Give k(-4).
-24
Let n(v) = v**2 + 2*v + 1. What is n(-3)?
4
Let f(i) = i + 8. What is f(-7)?
1
Let a(s) = 2*s + 70. What is a(-39)?
-8
Let t(f) = -2*f + 10. Give t(0).
10
Let c(h) = 9*h**2 + 21*h + 3. Calculate c(-2).
-3
Let k(v) = v**2 - 3*v + 2. Give k(5).
12
Let j(h) = -h**3 - 6*h**2 - h - 7. Calculate j(-6).
-1
Let l(j) = -6*j + 1. What is l(5)?
-29
Let j(c) = -c**2 + c - 108. What is j(0)?
-108
Let d(s) = s**3 + 10*s**2 - 2*s - 61. Determine d(-10).
-41
Let c(g) = -g - 2. Calculate c(-3).
1
Let u(c) = -c**2 - 7*c + 24. What is u(-9)?
6
Let p(r) = r**2 - 3*r - 7. Determine p(-3).
11
Let a(r) = -2*r**2 + 2*r + 6. Give a(3).
-6
Let t(q) = -q**3 - 7*q**2 + 3*q. Calculate t(-7).
-21
Let x(i) = -i**3 + 29*i**2 - 76*i - 54. Give x(26).
-2
Let o(s) = s + 4. Give o(-5).
-1
Let y(o) = -o**3 - 7*o**2 + 2*o - 16. What is y(-8)?
32
Let d(u) = -u**2 + 12*u - 10. Give d(10).
10
Let r(z) = -2*z + 14. Give r(6).
2
Let y(s) = -s**2 - 17*s - 19. Give y(-15).
11
Let o(d) = -d**3 + 9*d**2 + 8*d + 3. What is o(7)?
157
Let l(s) = s**3 - 3*s**2 - 9*s - 7. What is l(5)?
-2
Let d(t) = t + 8. Give d(-6).
2
Let t(g) = 8*g + 19. What is t(-5)?
-21
Let q(l) = -5*l**3 - 2*l**2 + 2*l - 1. Calculate q(1).
-6
Let i(o) = -o - 3. Give i(7).
-10
Let p(w) = 53*w + 9. Calculate p(1).
62
Let j(l) = -9*l**2 + 2*l - 3. Calculate j(1).
-10
Let t(d) = -d**2 + 4*d + 3. Give t(6).
-9
Let g(b) = -5*b - 14. Determine g(-11).
41
Let j(y) = 2*y**3 - 38*y**2 - 3*y - 3. Calculate j(19).
-60
Let q(d) = -d**2 + 9*d - 23. Calculate q(6).
-5
Let p(t) = t**2 + 6*t + 15. Determine p(0).
15
Let v(h) = 2*h**2 + 30*h - 109. What is v(-18)?
-1
Let p(h) = h**3 - 4*h**2 - 3*h + 5. Determine p(4).
-7
Let r(v) = v**3 + 6*v**2 + 2*v - 1. Calculate r(-6).
-13
Let p(o) = o**2 + 4*o - 7. Give p(-9).
38
Let t(g) = g**3 - 18*g**2 - 21*g + 21. What is t(19)?
-17
Let q(v) = v**3 - 22*v**2 - 20*v - 36. Give q(23).
33
Let c(i) = -3*i**2 + 9*i - 18. Give c(4).
-30
Let t(o) = o**3 - 7*o**2 + 7*o - 10. What is t(5)?
-25
Let b(w) = -w**2 + 13*w + 16. Give b(15).
-14
Let w(i) = i**3 - 5*i**2 + 4*i - 4. Give w(4).
-4
Let j(w) = -w**3 + 11*w**2 - 13*w + 40. Give j(10).
10
Let s(g) = -3*g**2 - 23*g - 14. Calculate s(-10).
-84
Let f(h) = -h**2 - 6*h + 26. What is f(-10)?
-14
Let k(u) = 4*u + 1. Determine k(8).
33
Let z(b) = -9*b + 18. Calculate z(0).
18
Let a(j) = -97*j + 192. Determine a(2).
-2
Let k(b) = -96*b + 89. What is k(1)?
-7
Let g(i) = -i**2 + 14*i + 51. Give g(-3).
0
Let v(m) = -15*m + 32. Determine v(4).
-28
Let h(k) = -k**3 - 19*k**2 + 45*k + 56. Give h(-21).
-7
Let p(h) = -52*h - 50. What is p(-1)?
2
Let g(n) = 6*n - 23. Calculate g(3).
-5
Let v(p) = 6*p + 7. Determine v(-8).
-41
Let h(t) = 10*t - 4. What is h(1)?
6
Let w(f) = f**3 + 2*f**2 - 2*f + 4. What is w(-4)?
-20
Let m(a) = -a**2 - 17*a + 5. Give m(0).
5
Let g(l) = -l - 4. What is g(-2)?
-2
Let p(z) = z**3 - 6*z**2 + 4*z + 6. Give p(5).
1
Let n(j) = j**3 - 59*j**2 + 171*j - 178. Calculate n(56).
-10
Let j(u) = -u**3 - 8*u**2 - 6*u + 3. Determine j(-7).
-4
Let m(f) = f**3 - 25*f**2 + 23*f - 12. What is m(24)?
-36
Let k(p) = -p**3 - 8*p**2 - p - 2. Give k(-8).
6
Let j(b) = -b**2 + 3*b + 12. Calculate j(3).
12
Let k(t) = 3*t**3 - 2*t**2. Give k(3).
63
Let c(z) = 6*z - 8. Give c(-10).
-68
Let h(n) = n**3 - 12*n**2 + n + 7. What is h(12)?
19
Let d(o) = -o**3 + 7*o**2 - 14*o + 22. Calculate d(5).
2
Let d(j) = -2*j**3 - 11*j**2 + 8*j + 14. Calculate d(-6).
2
Let m(l) = -11*l**3 - l - 2. Give m(-1).
10
Let c(s) = -2*s**2 + 2*s - 3. What is c(2)?
-7
Let c(i) = -14*i**3 - i**2 + 3*i + 3. Determine c(-1).
13
Let s(x) = -x**2 - x + 5. Calculate s(-4).
-7
Let n(y) = -y**2 + 9*y + 22. Calculate n(11).
0
Let l(t) = t**3 - t**2 - 2*t - 5. Calculate l(3).
7
Let d(x) = -x**2 + 10*x - 15. Give d(8).
1
Let x(a) = 6*a - 19. Calculate x(10).
41
Let r(v) = 3*v**2 + 51*v - 55. Give r(-18).
-1
Let x(a) = -a**3 - 4*a**2 + 8*a + 3. Determine x(-5).
-12
Let f(n) = -